 + 6*v. What is the ten thousands digit of h?
1
Let i(w) = w**3 - w. Suppose -2*b + 18 = 20. Let l(k) = -7*k**3 + 3*k**2 + 2*k + 10. Let t(d) = b*l(d) - 6*i(d). What is the tens digit of t(5)?
6
Suppose -3493 = -11*d - 336. Suppose -2*n = q - 280 - 10, n = -q + d. What is the units digit of q?
4
What is the thousands digit of ((-122)/244)/(-2 - (-387052)/193528)?
4
Let r = -7742 + 10103. What is the thousands digit of r?
2
Let r = -383 + 397. Suppose 19*x = r*x + 5160. What is the tens digit of x?
3
Let r(m) = -4765*m - 4625. What is the units digit of r(-4)?
5
Let q be -6 - 108/(-20) - 9543/(-5). Suppose 0 = -9*n - 0*n + q. What is the units digit of n?
2
Let r = 102905 + -71612. What is the units digit of r?
3
Let x(m) = -2*m**3 + 5*m**2 - 4*m - 3. Let k be x(2). What is the tens digit of (-886)/8*k - 2/8?
7
Let u be (1 + 0)/(-1) - (-25 - -4). Let h = u - 26. Let s(k) = -3*k**3 - 14*k**2 - 3*k - 1. What is the tens digit of s(h)?
6
Let g = 2601 + 889. What is the tens digit of g?
9
Suppose 3*u = -2*s + 35, 4*u = -u + 5*s + 75. Suppose 0 = -5*j - u*j + 8208. What is the hundreds digit of j?
4
Let y be ((9 - 25) + 1)*(-1)/5. Suppose -548 = -r - y*i + 4*i, 8*r - 4339 = -i. What is the units digit of r?
3
Let u = 1533 - 902. Suppose u*y = 621*y + 11500. What is the units digit of y?
0
Let w(k) = 22*k - 698. What is the units digit of w(33)?
8
Let y = 53614 + -28945. What is the tens digit of y?
6
What is the hundreds digit of -2*(-1 - (-21)/24) - 25051/(-4)?
2
Let x = 174 - 175. What is the hundreds digit of (-4)/x*((-2 - -2) + 120)?
4
Suppose -5*r - 24 = -4*j, 0*j + j + 5*r + 19 = 0. Let m be -1 + -1*j - (144 - 24). Let h = -35 - m. What is the tens digit of h?
8
Suppose -978500 = -24703*t + 24684*t. What is the thousands digit of t?
1
Let c(q) be the first derivative of -q**6/360 + q**5/60 + 43*q**4/24 - 26*q**3/3 + 11. Let t(h) be the third derivative of c(h). What is the tens digit of t(0)?
4
Suppose -3*p + 36363 = 3*o, 0 = -3*p - 4*o - 13745 + 50112. What is the ten thousands digit of p?
1
Let v = 3 - -265. Let n = -59 - 6. Let k = v + n. What is the hundreds digit of k?
2
Let n(a) = 382*a - 479. What is the hundreds digit of n(18)?
3
Let x be ((-12)/(-3))/(5 - 3). Let c be (4 - 1 - 14) + x. Let f(s) = -2*s + 3. What is the tens digit of f(c)?
2
Suppose 0 = 3*y - 2 - 1. Suppose -5*x + 4*x = -32. What is the units digit of 984/x - y/(-4)?
1
Let n be (-18)/(-15)*(4 - (-18)/(-12)). Suppose -10*c = -14*c - 5*k + 1584, -5*c - n*k + 1980 = 0. What is the hundreds digit of c?
3
Let r(u) = 99*u**2 + 123*u - 51. What is the units digit of r(-9)?
1
Suppose 41*c - 16 = 37*c. Suppose -c*p + 42 = 18. What is the tens digit of (-135)/p*14/(-21)?
1
Let k(r) = 14*r**3 + r**2 + 179*r - 366. What is the hundreds digit of k(2)?
1
Let r = 1113 + 62665. What is the units digit of r?
8
Let i = -16 - -25. Let h be -2 + 5 + i + -4. Let m(b) = b**2 + 4*b + 3. What is the tens digit of m(h)?
9
Suppose 511*z - 548*z + 227735 = 0. What is the tens digit of z?
5
Let m(a) = 79*a - 3237. What is the units digit of m(52)?
1
Let v(r) be the first derivative of 37*r**2/2 + 3*r - 5. Let x be v(3). What is the tens digit of x/(-4)*(6 + -8)?
5
Suppose 12 = 5*j - 168. Let r be -9*((-152)/j + 4). Suppose -r*h - 2*l = -194, -2*h + 113 + 91 = 4*l. What is the tens digit of h?
9
Suppose 0 = -11*s - 13*s - 60487 + 441895. What is the units digit of s?
2
Let x(q) = -2011*q - 822. What is the units digit of x(-11)?
9
What is the ten thousands digit of (-80428)/(-8) + (385/(-14))/11?
1
Let p be 6/24 - 15/(-4). Suppose -x + p*x - 657 = 0. What is the hundreds digit of x?
2
Suppose -24*v + 345510 + 342546 = 0. What is the units digit of v?
9
Let g(h) = 7*h**3 - 41*h**2 + 24*h - 46. What is the ten thousands digit of g(15)?
1
Let v = -2934 + 4158. Suppose 0 = 3*n - 3*r - v, 2*r - 5 = -11. What is the units digit of n?
5
Let t = 449 + -452. What is the hundreds digit of -2 + 2118*t*(-1)/6?
0
Suppose -3*k + 3*x + 2 = -16, -4*k - 4*x = 0. Suppose -k*w + 3*m + 223 = 2*m, 3*w + 4*m = 203. Suppose 4*j - 909 = -w. What is the hundreds digit of j?
2
Let h = 5510 - -1642. Suppose -15*y - y + h = 0. What is the hundreds digit of y?
4
Let h = -22 + 22. Suppose -2 = o - 2*b, -3*o - b - 6 = -h*b. What is the tens digit of ((-53)/o)/((-13)/(-26))?
5
Let g = -211 - -481. Let l(r) = -r**3 - 5*r**2 + 6*r. Let p be l(-6). Suppose p*j + 5*j - g = 0. What is the tens digit of j?
5
Let l(b) = 815*b**3 + 3*b**2 - 3*b + 3. Let s be l(2). Suppose 13192 + s = 37*c. What is the tens digit of c?
3
Let d = 59 - 63. Let u be (d - 66/(-18))*(0 - 0). Suppose -5*l + 4*z + 107 = u, l - z = -4*z + 10. What is the units digit of l?
9
What is the hundreds digit of (-4)/(16/(-15484)) + (-1 - -1)?
8
Let m(z) be the second derivative of -157*z**3/3 - 5*z**2 + z - 12. What is the tens digit of m(-1)?
0
Suppose 78 = -14*v + 22. What is the tens digit of v/(-44) - 8400/(-44)?
9
Let i = -15 + 21. Let g(y) = 5*y**2 + 6 - 4*y + y**2 - i + 3. What is the units digit of g(3)?
5
Suppose 14 = -3*w + 5*b, 0 = -18*b + 15*b + 12. Suppose -i = w*h - 1976, 11*i - 14*i + 5923 = 5*h. What is the units digit of i?
6
Suppose 4*i + 12 = 0, -i - 3523 = -p - 6*i. Let l be p/(-4) + (-3)/(-6). What is the tens digit of (3 - (-116)/(-36)) + l/(-9)?
9
Let x be (1 + (-1)/2)/((-127)/1524). What is the hundreds digit of (-2 - 0)*(447/x + -4)?
1
Let o be (-2)/9 + 79/(-9). Let w(s) = -3*s**3 - 880*s**2 - 882*s**2 + 1753*s**2 + 2*s**3 + 14. What is the units digit of w(o)?
4
Let x(n) = -3878*n - 314. What is the ten thousands digit of x(-3)?
1
What is the tens digit of ((-42)/8)/7*1267496/(-141)?
4
Suppose 4*o - 45680 = -3*g, 0 = -3*o + 5*g + 34181 + 108. What is the thousands digit of o?
1
Suppose 628*j - 463758 = 591*j. What is the hundreds digit of j?
5
Let b(d) = 145*d - 2378. What is the thousands digit of b(51)?
5
Suppose 21*v = 127*v - 8*v - 120638. What is the hundreds digit of v?
2
Suppose 130 = 5*x + 20. Suppose x*u = -60 + 874. What is the tens digit of u?
3
Suppose 4*f + 4*w = 28, 5*f - 24 + 7 = w. Suppose -2886 = f*i - 17*i. What is the hundreds digit of i?
2
Let q be (-2 - -3)/2*(6 + 94). Let l = q + -51. What is the tens digit of (-136 + 0/(-3) - -3)*l?
3
Let s(n) = -47*n + 43. Let p be s(-9). Let t = p - 186. What is the hundreds digit of t?
2
Suppose -3*c + 2*b = -8, -c + 8 = 4*c + 2*b. Let d(m) = 27*m**3 + 4*m**2 - 3*m + 6. What is the hundreds digit of d(c)?
2
Let g = 40165 - 15078. What is the ten thousands digit of g?
2
Suppose -7*z + 4*x = -5*z - 190, -475 = -5*z - 5*x. Let f = -68 + z. Suppose 9*o = 8*o + f. What is the tens digit of o?
2
Let h(x) = -x**3 + 7*x**2 + 11*x + 3. Let j = -22 + 47. Suppose 4*o - 32 = -c, 0 = 4*o - 3*c - 7 - j. What is the tens digit of h(o)?
2
Suppose -5*h - 193 = 562. Let n = h - -310. What is the tens digit of 0/5 + n + 0?
5
What is the tens digit of -8 - (-14 + 24/8) - -5000?
0
Let q be ((-5)/10)/(2/(-1316)). Let g = 433 - q. What is the hundreds digit of g?
1
What is the units digit of 1366/((-198)/(-33) + (-1)/(-5)*-29)?
0
Let k(n) = -n**2 + 152*n + 12. What is the tens digit of k(58)?
6
Suppose 186 = 4*v + 138. What is the tens digit of (6/8)/(v/480)?
3
Suppose 0 = 5*b + 20 + 40. What is the tens digit of 137 + (-6)/b*12?
4
Suppose 6*q = b - 5 - 2, 2*q = 5*b - 7. What is the hundreds digit of (-24011)/(-13)*q*(0 + -1)?
8
Suppose 6*f - 5*p - 900 = f, -2*f = 3*p - 350. Suppose -3*l + l = -f. Suppose 0*k + l = k. What is the units digit of k?
9
Let t = 4130 - 2703. Suppose 9*o - t = -32. Suppose -2*d = -3*s + 230, s + s - o = 3*d. What is the units digit of s?
6
Let b = 248 + -54. Let l = 1075 + -1054. Let m = b + l. What is the units digit of m?
5
Let l(s) = -52*s + 27*s + 55*s + 2*s**2 + 12. Let z be l(-15). Suppose 0 = 3*c + 4*u - z, -u = 2*u. What is the units digit of c?
4
Let g = 18646 + -3683. What is the ten thousands digit of g?
1
Suppose 49*n = 796204 - 65821 + 1002747. What is the thousands digit of n?
5
What is the tens digit of 0/(-11) - (-81 + 1 - -6)?
7
Suppose j - 17 = -3*w, 2 = -4*j + 2*w - 0. Suppose 4*b + 2655 = -3*y, 2*y + b + 1770 = j*b. What is the units digit of (2 - y/(-6))*(-12)/18?
7
Let v = -31 + 34. Let h(p) = -110*p + 32. Let y be h(v). Let x = -181 - y. What is the hund